4206694.
2, 3, 11, 13, 98143
List the prime factors of 526999242.
2, 3, 7, 11, 1140691
What are the prime factors of 199522383?
3, 3467, 19183
List the prime factors of 5019025440.
2, 3, 5, 11, 13, 73121
What are the prime factors of 95334551?
13, 7333427
What are the prime factors of 28511474?
2, 14255737
What are the prime factors of 152016047?
152016047
List the prime factors of 8647386043.
43, 201102001
What are the prime factors of 215343600?
2, 3, 5, 179453
List the prime factors of 748175304.
2, 3, 17, 1833763
What are the prime factors of 164635012?
2, 23, 907, 1973
What are the prime factors of 64483940?
2, 5, 3224197
What are the prime factors of 33527875?
5, 19, 743
List the prime factors of 20583629.
11, 1039, 1801
What are the prime factors of 219616548?
2, 3, 18301379
What are the prime factors of 2015006308?
2, 7, 71964511
List the prime factors of 149110578.
2, 3, 2761307
What are the prime factors of 31867487?
929, 34303
What are the prime factors of 2914044197?
2914044197
What are the prime factors of 1046518125?
3, 5, 53, 10531
List the prime factors of 59453853.
3, 19817951
List the prime factors of 7787832.
2, 3, 13, 109, 229
What are the prime factors of 965659821?
3, 7, 829, 55469
What are the prime factors of 651243334?
2, 7, 46517381
What are the prime factors of 427226498?
2, 857, 249257
List the prime factors of 1082859790.
2, 5, 47, 113, 20389
List the prime factors of 603673054.
2, 19, 15886133
What are the prime factors of 584124334?
2, 19, 15371693
What are the prime factors of 222242494?
2, 4363, 25469
What are the prime factors of 4747299742?
2, 17, 139626463
List the prime factors of 408495573.
3, 19, 2388863
List the prime factors of 431886079.
31, 13931809
What are the prime factors of 380406424?
2, 3889, 12227
What are the prime factors of 125221761?
3, 7, 19, 34871
What are the prime factors of 478844474?
2, 17, 43, 107, 3061
List the prime factors of 319140744.
2, 3, 13, 443, 2309
What are the prime factors of 13702314?
2, 3, 2283719
List the prime factors of 136576708.
2, 17, 2008481
List the prime factors of 127377645.
3, 5, 227, 37409
What are the prime factors of 225872029?
23, 9820523
List the prime factors of 266818971.
3, 787, 113011
List the prime factors of 1901493008.
2, 118843313
What are the prime factors of 1147782947?
71, 127, 127291
List the prime factors of 1027081047.
3, 342360349
List the prime factors of 77968047.
3, 25989349
What are the prime factors of 95464047?
3, 7, 163, 167
What are the prime factors of 658886758?
2, 73, 89, 50707
What are the prime factors of 229911387?
3, 797, 96157
What are the prime factors of 74930159?
23, 83, 39251
List the prime factors of 169772545.
5, 23, 1476283
What are the prime factors of 2165100487?
11, 196827317
What are the prime factors of 8190137?
1091, 7507
What are the prime factors of 19887849?
3, 27281
What are the prime factors of 96353787?
3, 83, 386963
What are the prime factors of 934121334?
2, 3, 47, 151, 21937
What are the prime factors of 1752165117?
3, 194685013
What are the prime factors of 47145140?
2, 5, 7, 239, 1409
List the prime factors of 17766894.
2, 3, 2961149
List the prime factors of 51984676.
2, 3373, 3853
What are the prime factors of 652735763?
269, 2426527
List the prime factors of 211448324.
2, 52862081
List the prime factors of 236267979.
3, 6659, 11827
List the prime factors of 4072406932.
2, 11, 47, 1969249
List the prime factors of 1701686206.
2, 11, 571, 135463
What are the prime factors of 627410640?
2, 3, 5, 2614211
What are the prime factors of 203808630?
2, 3, 5, 19, 357559
What are the prime factors of 5826729829?
19, 4973, 61667
List the prime factors of 760892543.
760892543
What are the prime factors of 950253529?
269, 3532541
What are the prime factors of 2610321565?
5, 522064313
What are the prime factors of 1757680591?
1973, 890867
List the prime factors of 451255172.
2, 112813793
What are the prime factors of 20942270?
2, 5, 2094227
List the prime factors of 134621121.
3, 44873707
What are the prime factors of 293159944?
2, 7, 11, 67987
List the prime factors of 52687164.
2, 3, 61, 167, 431
List the prime factors of 1806528077.
23, 78544699
List the prime factors of 252225991.
17, 14836823
List the prime factors of 74736774.
2, 3, 7, 593149
What are the prime factors of 68451022?
2, 3389, 10099
What are the prime factors of 3480563745?
3, 5, 77345861
List the prime factors of 276021918.
2, 3, 163, 10453
What are the prime factors of 404238443?
7, 1451, 39799
List the prime factors of 277752807.
3, 23, 29, 53, 97
List the prime factors of 3389743280.
2, 5, 7, 11, 550283
List the prime factors of 199432088.
2, 4889, 5099
List the prime factors of 369252447.
3, 29, 661, 6421
What are the prime factors of 64387031?
31, 2077001
List the prime factors of 3295146909.
3, 1098382303
List the prime factors of 3814074542.
2, 17, 2791, 40193
What are the prime factors of 2815000081?
19, 421, 351919
What are the prime factors of 24315412?
2, 11, 199, 2777
List the prime factors of 33185139.
3, 13, 17, 50053
What are the prime factors of 350613776?
2, 37, 349, 1697
What are the prime factors of 182814394?
2, 7, 1865453
List the prime factors of 776726231.
173, 4489747
What are the prime factors of 17235385?
5, 3447077
What are the prime factors of 91856912?
2, 7, 227, 3613
What are the prime factors of 754527976?
2, 37, 2549081
List the prime factors of 1187376260.
2, 5, 7, 31, 137, 1997
What are the prime factors of 108068314?
2, 19, 2843903
List the prime factors of 118163130.
2, 3, 5, 3938771
What are the prime factors of 56333761?
11, 5121251
List the prime factors of 25979888.
2, 11, 147613
List the prime factors of 45261002.
2, 19, 1191079
What are the prime factors of 59080278?
2, 3, 9846713
What are the prime factors of 551632513?
1481, 372473
What are the prime factors of 18065274?
2, 3, 139, 21661
What are the prime factors of 147953373?
3, 49317791
List the prime factors of 30241577.
29, 89, 11717
List the prime factors of 533607003.
3, 59289667
List the prime factors of 1755719688.
2, 3, 199, 367613
List the prime factors of 548550050.
2, 5, 17, 645353
What are the prime factors of 34563505?
5, 29, 238369
List the prime factors of 199766771.
991, 201581
List the prime factors of 1816073262.
2, 3, 197, 512147
What are the prime factors of 45236845?
5, 499, 18131
List the prime factors of 431870447.
53, 8148499
What are the prime factors of 7498068751?
7498068751
List the prime factors of 276144292.
2, 491, 140603
What are the prime factors of 1201316249?
7, 19, 61, 148073
List the prime factors of 782541864.
2, 3, 13, 43, 6481
List the prime factors of 223470255.
3, 5, 14898017
List the prime factors of 811775216.
2, 7, 67, 108179
What are the prime factors of 34657261?
73, 474757
What are the prime factors of 1098116?
2, 274529
What are the prime factors of 10591848?
2, 3, 157, 937
What are the prime factors of 22427018?
2, 11213509
What are the prime factors of 295117702?
2, 11, 2927, 4583
What are the prime factors of 1073447229?
3, 113, 239, 13249
What are the prime factors of 4076940221?
17, 113, 409, 5189
What are the prime factors of 280780737?
3, 887, 105517
What are the prime factors of 211474966?
2, 41, 2578963
What are the prime factors of 47622957?
3, 283, 56093
What are the prime factors of 1726512989?
8689, 198701
What are the prime factors of 682530307?
431, 467, 3391
What are the prime factors of 97612885?
5, 19522577
What are the prime factors of 2115142215?
3, 5, 23, 433, 14159
What are the prime factors of 541271182?
2, 270635591
List the prime factors of 3292635138.
2, 3, 13, 42213271
List the prime factors of 1279663576.
2, 17, 97, 97003
What are the prime factors of 2947489532?
2, 13, 19, 2983289
What are the prime factors of 87297506?
2, 2269, 19237
List the prime factors of 3054093951.
3, 1018031317
List the prime factors of 61813965.
3, 5, 4120931
What are the prime factors of 502109198?
2, 251054599
What are the prime factors of 103862360?
2, 5, 7, 19, 2789
List the prime factors of 6909758.
2, 179, 19301
List the prime factors of 2162509457.
14087, 153511
What are the prime factors of 95612107?
37, 2584111
List the prime factors of 165293134.
2, 23, 37, 97117
List the prime 